er?
False
Let o(c) = -20595*c - 7111. Is o(-11) a prime number?
False
Suppose 6*g + g - 5*g = 0. Suppose 7*n = -g*n + 238. Suppose n*u - 32*u - 334 = 0. Is u composite?
False
Suppose -5*h + 54271 + 925 = -h. Is h a prime number?
True
Let h = -11 + 12. Let i be (606/12)/(h/110). Suppose 10*f = -f + i. Is f a prime number?
False
Is -4799*(-253 - (16/(-24))/1*3) prime?
False
Suppose -4*z - z + 10360 = 0. Suppose -28*r + y = -23*r - 1, -r - 1 = y. Suppose 7*i + i - z = r. Is i a prime number?
False
Let w(q) = -2*q**3 - 2*q**2 - q + 1939. Let g be w(0). Let c = 2745 - g. Suppose o - c = -233. Is o prime?
False
Suppose 3*w = 15, -5*m - 9*w = -10*w - 5585. Let d = 339 + m. Is d a composite number?
True
Suppose 3*j - t = 5158, -4*j - 21*t = -17*t - 6904. Is j prime?
True
Let x be (0 - -39)*(-7)/14*2. Let j = -97 - x. Let b = 279 + j. Is b composite?
True
Suppose 0 = 4*b - 5*a - 0*a - 3856, 5*b = a + 4799. Suppose 6*z = -2*o + 9*z + b, -z + 1 = 0. Is o prime?
False
Let p = 199379 + 32442. Is p a composite number?
False
Let m be 1798 + (-2 - (-5 - -9)). Suppose 10*r = 2178 + m. Is r composite?
False
Let r(m) = 15*m - 81*m**2 - 32*m**2 - 5*m**2 + 3 - 18*m. Let j be r(1). Let b = j + 241. Is b composite?
True
Let i = 182 + -184. Is (-671824)/(-32)*1/((-1)/i) a composite number?
True
Let a(z) = -9899*z + 545. Is a(-4) a prime number?
False
Suppose -f + g = -27, 0 = -2*f + 4*f + 2*g - 74. Suppose -f = 3*b - 1343. Suppose 3*u - 263 = -2*o, -5*u + 3*o - 5*o + b = 0. Is u prime?
False
Let l(q) = 37*q**2 + 4*q + 32. Let u be l(-7). Suppose -2 = 4*a - 10. Suppose -a*z + 269 + u = 0. Is z prime?
False
Let t = 6839 + -1319. Suppose 3*c = 19*c - t. Suppose p + c = 6*p. Is p a composite number?
True
Suppose 2*g - 25 = -15. Suppose -2429 = -3*u + g*z, 0*u - 5*u + 4055 = -5*z. Suppose 0 = -4*n + u + 11015. Is n composite?
False
Suppose -5*a + 7593 + 9257 = 0. Suppose -2*g - 8*g = -a. Is g composite?
False
Suppose -28*j = 45*j - 2154449. Is j a composite number?
True
Let f be 0*((-10)/50 - (-7)/10). Let r(a) = a + 2115. Let y be r(f). Let m = y - 1028. Is m a composite number?
False
Let z(i) = 44*i - 9. Let c be z(3). Let m = c + 5. Suppose o - m = 315. Is o a prime number?
True
Suppose 3*r = -2*k - 3*k + 2436, -3*r + 2442 = 3*k. Let w = 6309 - r. Suppose 4*h - 4*j + j - 5492 = 0, 4*h - 2*j - w = 0. Is h a composite number?
False
Let u be (80/(-12))/((-2)/(-3)). Let m(w) = -1033*w - 24. Is m(u) a prime number?
False
Let r be -331 + (-5)/((-15)/9). Let j = r - -885. Is j a prime number?
True
Let y = -38 - -54. Let s(n) = -n + 20. Let h be s(y). Suppose 6*x - 2*x - 934 = -g, -5*x - 3631 = -h*g. Is g prime?
False
Suppose 3*b - 131664 = -3*b. Suppose -9*o = -17*o + b. Is o a prime number?
False
Let g = 7 - -1. Let m(f) = -g*f - 4*f + 4*f**2 + 3*f**2 - 17 - 3*f**2. Is m(14) prime?
True
Suppose 12*l + 1322673 = 20*l + 25*l. Is l prime?
False
Suppose -29 = -6*h + 8*h + 5*z, z = -5. Is -4*(h - (-114821)/(-28)) prime?
True
Let m = -1102663 + 1827440. Suppose -670108 - m = -19*j. Is j a prime number?
False
Let h = -54 - -53. Let x be h + ((-16)/(-4) - 0). Suppose -x*t + 1236 = 45. Is t prime?
True
Let p be (10 + 0)/((-2)/(-834)) + 1. Let z = 998 + p. Is z prime?
False
Suppose 12*m = 15*m - 36. Let g be 2/(-8) - (-75)/m. Is (-2)/3 + -1 + 14836/g prime?
False
Suppose -3*i + 0 + 48 = 0. Suppose i = -4*w, 0*w + 3*w + 24 = -4*f. Is -1 + 6/f + 226 prime?
True
Suppose -4*r = -3*j - 5*r + 7820, 3*r - 10425 = -4*j. Suppose 2*p - 5*p + j = 0. Is p composite?
True
Suppose -105220 = -5*m + 5*u + 2067305, 6 = 3*u. Is m a composite number?
True
Suppose 0 = -5*u + 6 + 24. Let o be (((-4)/u)/2)/(3/(-13239)). Suppose 2*v - 1471 = v - 3*q, v = -5*q + o. Is v prime?
True
Let l(i) = -5*i - 10. Let u be l(-4). Is (9 - u) + 21712 + -2 composite?
True
Let k = 104 - 101. Suppose -m + 16 = k*d + m, 0 = -3*d + 4*m - 14. Is (5746 - -3)*1/d*2 prime?
True
Let x = 340 + -9. Suppose -x*y + 325*y + 10158 = 0. Is y prime?
True
Let r = -16 - -20. Suppose 60 = r*n + 216. Let l = n + 76. Is l a composite number?
False
Let z(c) = -15*c**2 + 36*c**2 - 2260*c**3 - 1572*c**3 - 14*c - 22*c**2 - 14. Is z(-1) composite?
True
Let t = 6532 + 15387. Is t a composite number?
True
Let x(d) = -2*d + 4. Let t be x(4). Let c(p) = -49*p**2 + 2*p - 7. Let w(f) = 345*f**2 - 13*f + 51. Let l(a) = -15*c(a) - 2*w(a). Is l(t) a composite number?
False
Let j be (4/3)/(58/87). Let m(b) = 1217*b**2 + 10*b - 17. Is m(j) a prime number?
True
Let z(n) = 3*n - 8. Let k be z(4). Let l be (15/12)/1*k. Suppose -1602 = -l*v - v. Is v composite?
True
Let x = -48998 - -145641. Is x a composite number?
False
Let v = 165 - 60. Let g = -5 + v. Is ((-54775)/g)/(1 - 5/4) a composite number?
True
Suppose 340 = 5*w - 4*o + 2*o, -127 = -2*w - o. Let c = -68 + w. Let t(j) = 259*j**2 - j - 1. Is t(c) a prime number?
False
Let x(i) = 5*i**3 - 7*i**2 + 7*i - 16. Let y(o) = 4*o**3 - 7*o**2 + 8*o - 15. Suppose 3*k = -0 + 18. Let l(z) = k*y(z) - 5*x(z). Is l(-11) composite?
False
Let j(n) = 6844*n + 537. Is j(38) prime?
True
Suppose -5*y + v + 251349 = 0, 17*v = -3*y + 16*v + 150803. Suppose 21*j - y = 4*j. Is j a composite number?
False
Let u(l) = 2496*l**2 + 2*l + 2. Let y(n) = 2*n**2. Let p(t) = u(t) + 4*y(t). Let a be p(-1). Is a - (0 - 4/(-20))*5 a composite number?
False
Suppose -18332 = -4*q - 3*y, 16*y = -2*q + 15*y + 9168. Is (q/(-10))/((-31)/155) prime?
True
Let q = 17 + -15. Let x = 9392 + -4265. Suppose 3*p - x = -q*a, 2*a + 6196 = 4*p - 626. Is p composite?
True
Let m(z) be the second derivative of 217*z**5/4 + z**3/2 - z**2/2 + 5*z - 2. Is m(1) a prime number?
True
Is (18 - 4) + -5 + 15340 composite?
False
Suppose -23 - 4 = -3*j. Suppose 0 = -210*z + 220*z - 30. Suppose r = 6*r + 2*k - 319, 0 = -z*k - j. Is r prime?
False
Let c be 1/(-1)*-10 - 2. Suppose 6*b = c*b. Suppose b = -5*q - 0*q + 2*m + 1895, 0 = 5*m. Is q prime?
True
Suppose 962*a = 985*a - 152237. Is a a prime number?
True
Let p(l) = -2*l**3 - 20*l**2 - 17*l + 9. Let m be p(-9). Suppose m = -g + j + 1121, 5*g - 5587 = j - 5*j. Is g a prime number?
False
Let z be (-5 - -10) + -3 + -2. Suppose -5*j - 4*m + 6506 = -5719, z = 5*j - m - 12250. Is j composite?
True
Is (-586319352)/(-248) + (-22)/(-341) prime?
True
Let g = -13 + 13. Let j be g - (10/(-5) - -67). Is ((-8)/(-10))/((-2)/j) a composite number?
True
Let r = -46 + 26. Let v be 6/(-4) + 2 - 150/r. Is (-3 - v/(-2))*1 + 4492 composite?
False
Let c be (9/6 - 3)/((-11)/66). Suppose -c*x + 14858 + 2593 = 0. Is x composite?
True
Suppose -h + 3*a = 18, 5*h + 65 = -2*a - 59. Let z = 42 + h. Is (z/2 - 3) + -3 - -284 a prime number?
False
Let n(h) = -h**2 - 8 - 98*h + 58*h + 45*h. Let g be n(6). Let s = 61 + g. Is s a composite number?
False
Let o(d) = 15*d**2 - 59*d + 1. Suppose m = 4*z - 35, -4*m + m + 7 = 2*z. Is o(z) composite?
True
Let d be 133/49 + (-6)/(-21). Let f(u) = 346*u**2 - 309*u**2 - d - 4*u + 635*u**2. Is f(-1) prime?
True
Suppose -5*u + d = 6*d - 249340, 5*d + 49886 = u. Is u prime?
True
Let z = -187642 - -323735. Is z a composite number?
False
Suppose 0 = 4*u - 354 + 118. Let n = -61 + u. Is 423/6*(2 + 0/n) prime?
False
Let f = -4066 + 474. Suppose -1449*d + 75830 = -1439*d. Let p = d + f. Is p a prime number?
False
Let q = -18 + 20. Suppose t - q*t = 2. Is (-5 + 0)/(1/502*t) a composite number?
True
Suppose -1122*b - 2*o = -1123*b + 46799, -3*b + 140437 = 4*o. Is b a composite number?
False
Is 33/(-462) - (-3)/(84/2771974) prime?
True
Let t = 2 - -1. Suppose -3*i + 2*o + 18 = i, 4*i = 5*o + 21. Suppose -2*f = v - 1442, -i*v - 1767 = -t*f + 396. Is f a prime number?
False
Suppose y + 4*y + 3*c = 157, 4*y + 4*c - 124 = 0. Suppose 0 = -5*x - y + 17, 2*x + 151051 = 5*v. Is v composite?
True
Suppose 0 = -10*x - 6*x + 32. Let l be 72/15 + (-1)/(-5). Suppose 5 = -x*r + 3*r, r = -l*n + 20770. Is n a prime number?
True
Suppose 8*x + 20 + 12 = 0. Let c be 2/(-12) + x + (-172)/(-24). Is c - (-1 - 687)*2 prime?
False
Suppose 102119 = -4*w + 21*w. Let k = 10148 - w. Is k prime?
False
Suppose -7993*l = -7984*l - 12010365. Is l a composite number?
True
Let m(i) = i**3 + 7*i**2 + 3*i - 6. Let y be m(-6). Suppose 0*q - 5*s - 18 = q, -y = 3*s. Is ((-690)/q - 2)*-2 a prime number?
False
Let t(g) = 11*g**2 - 5*g - 6. Let x be t(-10). Let n =